ultiple of 38?
False
Is 1964 a multiple of 166?
False
Does 13 divide 1400?
False
Does 7 divide 36981?
True
Is 19 a factor of 250?
False
Is 56734 a multiple of 72?
False
Is 79 a factor of 2273?
False
Does 9 divide 5567?
False
Is 9308 a multiple of 13?
True
Is 43 a factor of 34556?
False
Does 32 divide 298?
False
Is 13438 a multiple of 11?
False
Is 3 a factor of 7660?
False
Is 30 a factor of 27835?
False
Is 5 a factor of 200?
True
Is 13 a factor of 754?
True
Does 39 divide 4610?
False
Does 52 divide 364?
True
Does 269 divide 10264?
False
Is 364 a factor of 44191?
False
Is 512 a multiple of 64?
True
Is 39 a factor of 1521?
True
Is 3 a factor of 3252?
True
Does 4 divide 1308?
True
Is 3 a factor of 408?
True
Is 11 a factor of 2750?
True
Is 12 a factor of 950?
False
Is 7 a factor of 210?
True
Is 471 a factor of 6594?
True
Is 76 a multiple of 11?
False
Is 17 a factor of 663?
True
Is 4725 a multiple of 25?
True
Does 18 divide 10386?
True
Does 4 divide 300?
True
Does 16 divide 3954?
False
Is 500 a multiple of 20?
True
Does 35 divide 2199?
False
Is 510 a multiple of 85?
True
Is 20758 a multiple of 214?
True
Is 7 a factor of 560?
True
Is 17730 a multiple of 36?
False
Is 39 a factor of 1326?
True
Is 60345 a multiple of 27?
True
Is 5328 a multiple of 37?
True
Is 61 a factor of 13737?
False
Is 3167 a multiple of 29?
False
Is 75 a factor of 34500?
True
Is 118490 a multiple of 41?
True
Does 92 divide 47995?
False
Does 136 divide 23120?
True
Is 121 a factor of 34101?
False
Is 60 a factor of 7080?
True
Is 10 a factor of 8828?
False
Is 349 a multiple of 8?
False
Does 28 divide 83808?
False
Does 33 divide 343?
False
Is 460 a multiple of 10?
True
Is 7 a factor of 554?
False
Is 3 a factor of 4119?
True
Is 169477 a multiple of 77?
True
Is 1779 a multiple of 9?
False
Is 7 a factor of 871?
False
Is 1140 a multiple of 76?
True
Is 2 a factor of 263?
False
Is 3108 a multiple of 6?
True
Is 4061 even?
False
Does 31 divide 744?
True
Is 53 a factor of 1166?
True
Is 6585 a multiple of 2?
False
Is 65 a factor of 650?
True
Is 3745 a multiple of 35?
True
Is 10 a factor of 346?
False
Does 57 divide 3215?
False
Does 7 divide 17?
False
Is 11 a factor of 10901?
True
Does 42 divide 98?
False
Is 653 a multiple of 32?
False
Is 1872 a multiple of 5?
False
Does 14 divide 11564?
True
Does 20 divide 76500?
True
Is 52 a factor of 1412?
False
Does 12 divide 21290?
False
Is 14761 a multiple of 4?
False
Does 9 divide 3249?
True
Is 30973 a multiple of 14?
False
Does 47 divide 18048?
True
Is 55 a factor of 2179?
False
Is 49551 a multiple of 22?
False
Is 21 a factor of 3528?
True
Is 11 a factor of 2127?
False
Is 11 a factor of 1264?
False
Is 23460 a multiple of 20?
True
Is 47148 a multiple of 12?
True
Is 10 a factor of 2508?
False
Is 269 a factor of 23672?
True
Does 17 divide 3708?
False
Is 2073 a multiple of 9?
False
Is 9 a factor of 1142?
False
Is 26 a factor of 11388?
True
Is 1272 a multiple of 24?
True
Is 6107 a multiple of 17?
False
Is 7 a factor of 14?
True
Is 6 a factor of 3678?
True
Is 173 a factor of 16046?
False
Does 10 divide 120?
True
Is 7 a factor of 130?
False
Is 6 a multiple of 3?
True
Does 9 divide 651?
False
Is 4541 a multiple of 23?
False
Is 7143 a multiple of 5?
False
Is 13 a factor of 3784?
False
Does 111 divide 8107?
False
Is 25 a factor of 5000?
True
Is 2885 a multiple of 5?
True
Is 602 a multiple of 59?
False
Is 29 a factor of 5817?
False
Is 22 a factor of 45694?
True
Is 10 a factor of 246?
False
Is 2 a factor of 386?
True
Is 7 a factor of 1016?
False
Is 840 a multiple of 24?
True
Is 3082 a multiple of 67?
True
Is 6804 a multiple of 18?
True
Is 94432 a multiple of 26?
True
Does 8 divide 128?
True
Is 354 a multiple of 6?
True
Is 1440 a multiple of 45?
True
Is 11 a factor of 76571?
True
Does 9 divide 1174?
False
Does 16 divide 43696?
True
Is 1083 a multiple of 19?
True
Is 651 a multiple of 7?
True
Is 11463 even?
False
Does 24 divide 9248?
False
Does 100 divide 560?
False
Does 11 divide 2085?
False
Does 7 divide 7319?
False
Is 103734 a multiple of 51?
True
Is 73 a multiple of 3?
False
Does 19 divide 1881?
True
Does 2 divide 231?
False
Is 1230 a multiple of 41?
True
Does 8 divide 223?
False
Does 4 divide 9260?
True
Is 75 a factor of 1275?
True
Is 102 a factor of 67626?
True
Is 329 a multiple of 8?
False
Is 43 a factor of 319?
False
Is 139 a factor of 49484?
True
Does 3 divide 120?
True
Is 7 a factor of 187?
False
Is 5 a factor of 615?
True
Is 38 a factor of 5179?
False
Is 31 a factor of 1612?
True
Is 141 a factor of 19881?
True
Is 9 a factor of 2781?
True
Is 1295 a multiple of 77?
False
Is 594 a multiple of 33?
True
Is 47 a factor of 2667?
False
Does 23 divide 46?
True
Is 27 a factor of 2403?
True
Does 256 divide 38144?
True
Is 3804 a multiple of 32?
False
Is 3667 a multiple of 15?
False
Is 23 a factor of 100?
False
Is 730 a multiple of 10?
True
Is 192 a multiple of 3?
True
Is 8 a factor of 592?
True
Does 5 divide 10190?
True
Is 482 a multiple of 28?
False
Is 42 a factor of 12894?
True
Is 4050 a multiple of 54?
True
Does 5 divide 12380?
True
Does 9 divide 1037?
False
Is 2309 a multiple of 10?
False
Is 103 a factor of 27518?
False
Does 37 divide 43660?
True
Is 1324 a multiple of 19?
False
Does 6 divide 282?
True
Is 11 a factor of 3601?
False
Is 14637 a multiple of 51?
True
Is 15 a factor of 827?
False
Is 1850 a multiple of 19?
False
Is 25 a factor of 100?
True
Does 5 divide 10561?
False
Is 97 a factor of 2475?
False
Is 8 a factor of 755?
False
Does 175 divide 62120?
False
Does 12 divide 14328?
True
Is 5 a factor of 420?
True
Does 10 divide 45790?
True
Is 8 a factor of 800?
True
Does 32 divide 29399?
False
Does 6 divide 4823?
False
Is 7 a factor of 7000?
True
Is 167 a factor of 91015?
True
Is 17 a factor of 14430?
False
Is 15 a factor of 147?
False
Is 1148 a multiple of 13?
False
Is 4 even?
True
Is 256 a multiple of 16?
True
Is 21506 a multiple of 19?
False
Is 14 a factor of 168?
True
Is 19948 a multiple of 9?
False
Does 3 divide 2829?
True
Is 11554 a multiple of 55?
False
Is 169 a multiple of 62?
False
Is 91 a multiple of 13?
True
Is 28 a factor of 140?
True
Does 21 divide 8631?
True
Is 1712 a multiple of 8?
True
Is 18 a factor of 29988?
True
Does 53 divide 1431?
True
Is 3014 a multiple of 17?
False
Does 146 divide 43070?
True
Is 140 a factor of 19382?
False
Is 14 a factor of 4648?
True
Is 159 a factor of 9540?
True
Is 12 a factor of 24279?
False
Is 81638 a multiple of 35?
False
Is 307 a factor of 45743?
True
Does 9 divide 563?
False
Is 126 a factor of 161495?
False
Is 61 a multiple of 14?
False
Is 494 a multiple of 13?
True
Does 5 divide 1358?
False
Is 18 a factor of 26120?
False
Is 56357 a multiple of 7?
True
Does 11 divide 6182?
True
Is 82 a factor of 3362?
True
Is 24 a factor of 3632?
False
Is 14 a factor of 4255?
False
Is 193 a factor of 46127?
True
Does 7 divide 373?
False
Is 563 a multiple of 5?
False
Does 9 divide 1350?
True
Is 109 a multiple of 14?
False
Is 1433 a multiple of 9?
False
Is 55 a factor of 2516?
False
Is 47 a factor of 752?
True
Does 164 divide 5666?
False
Does 6 divide 1789?
False
Is 3 a factor of 104?
False
Is 74 a multiple of 32?
False
Is 11 a factor of 2603?
False
Is 12 a factor of 180?
True
Is 25443 a multiple of 9?
True
Does 17 divide 1705?
False
Is 4536 a multiple of 7?
True
Is 39760 a multiple of 16?
True
Is 34348 a multiple of 79?
False
Is 764 a multiple of 87?
False
Is 6981 a multiple of 8?
False
Is 16092 a multiple of 9?
True
Is 158 a factor of 51192?
True
Is 2772 a multiple of 11?
True
Is 3002 a multiple of 18?
False
Does 17 divide 697?
True
Is 5028 a multiple of 33?
False
Is 36 a factor of 1188?
True
Is 3597 a multiple of 11?
True
Is 5 a factor of 45?
True
Does 61 divide 4148?
True
Is 33 a factor of 15349?
False
Is 9 a factor of 10492?
False
Does 14 divide 1893?
False
Is 11 a factor of 814?
True
Is 21093 a multiple of 64?
False
Is 884 a multiple of 34?
True
Does 68 divide 4148?
True
Does 14 divide 11522?
True
Does 127 divide 4826?
True
Is 13 a factor of 324?
False
Is 66 a factor of 456?
False
Does 68 divide 1362?
False
Is 137540 a multiple of 130?
True
Is 439 a multiple of 7?
False
Is 75 a multiple of 25?
True
Is 8212 a multiple of 11?
False
Does 4 divide 246?
False
Is 33502 a multiple of 18?
False
Does 8 divide 1000?
True
Does 199 divide 